{"id":9,"date":"2026-02-08T08:05:28","date_gmt":"2026-02-08T08:05:28","guid":{"rendered":"https:\/\/ullanaitoherkku.fi\/?page_id=9"},"modified":"2026-02-15T13:12:31","modified_gmt":"2026-02-15T13:12:31","slug":"meidan-tila","status":"publish","type":"page","link":"https:\/\/ullanaitoherkku.fi\/index.php\/meidan-tila\/","title":{"rendered":"Meid\u00e4n tila"},"content":{"rendered":"\n<div class=\"wp-block-cover alignfull\" style=\"min-height:450px;aspect-ratio:unset;\"><img loading=\"lazy\" decoding=\"async\" width=\"1024\" height=\"384\" class=\"wp-block-cover__image-background wp-image-70 size-large\" alt=\"\" src=\"https:\/\/ullanaitoherkku.fi\/wp-content\/uploads\/2026\/02\/Nimeton-malli-13-1024x384.png\" data-object-fit=\"cover\" srcset=\"https:\/\/ullanaitoherkku.fi\/wp-content\/uploads\/2026\/02\/Nimeton-malli-13-1024x384.png 1024w, https:\/\/ullanaitoherkku.fi\/wp-content\/uploads\/2026\/02\/Nimeton-malli-13-300x113.png 300w, https:\/\/ullanaitoherkku.fi\/wp-content\/uploads\/2026\/02\/Nimeton-malli-13-768x288.png 768w, https:\/\/ullanaitoherkku.fi\/wp-content\/uploads\/2026\/02\/Nimeton-malli-13-1536x576.png 1536w, https:\/\/ullanaitoherkku.fi\/wp-content\/uploads\/2026\/02\/Nimeton-malli-13.png 1600w\" sizes=\"auto, (max-width: 1024px) 100vw, 1024px\" \/><span aria-hidden=\"true\" class=\"wp-block-cover__background has-neve-text-color-background-color has-background-dim\"><\/span><div class=\"wp-block-cover__inner-container is-layout-flow wp-block-cover-is-layout-flow\">\n<div class=\"wp-block-group\" style=\"padding-right:var(--wp--preset--spacing--30);padding-left:var(--wp--preset--spacing--30)\"><div class=\"wp-block-group__inner-container is-layout-flow wp-block-group-is-layout-flow\">\n<h1 class=\"wp-block-heading has-text-align-left has-neve-link-hover-color-color has-text-color\">Meid\u00e4n tilan tarinaa<\/h1>\n<\/div><\/div>\n<\/div><\/div>\n\n\n\n<hr class=\"wp-block-separator has-text-color has-neve-link-color-color has-alpha-channel-opacity has-neve-link-color-background-color has-background is-style-dots\"\/>\n\n\n\n<div class=\"wp-block-cover alignfull\" style=\"min-height:600px;aspect-ratio:unset;\"><span aria-hidden=\"true\" class=\"wp-block-cover__background has-nv-light-bg-background-color has-background-dim-100 has-background-dim\"><\/span><div class=\"wp-block-cover__inner-container is-layout-flow wp-block-cover-is-layout-flow\">\n<div class=\"wp-block-group\"><div class=\"wp-block-group__inner-container is-layout-flow wp-block-group-is-layout-flow\">\n<div style=\"height:80px\" aria-hidden=\"true\" class=\"wp-block-spacer\"><\/div>\n\n\n\n<div class=\"wp-block-columns are-vertically-aligned-center has-neve-text-color-color has-text-color is-layout-flex wp-container-core-columns-is-layout-9d6595d7 wp-block-columns-is-layout-flex\">\n<div class=\"wp-block-column is-vertically-aligned-center is-layout-flow wp-block-column-is-layout-flow\" style=\"padding-right:var(--wp--preset--spacing--30);padding-left:var(--wp--preset--spacing--30);flex-basis:50%\">\n<figure class=\"wp-block-image size-full has-custom-border\"><img loading=\"lazy\" decoding=\"async\" width=\"450\" height=\"600\" src=\"https:\/\/ullanaitoherkku.fi\/wp-content\/uploads\/2026\/02\/lapset.jpg\" alt=\"\" class=\"wp-image-52\" style=\"border-radius:16px\" srcset=\"https:\/\/ullanaitoherkku.fi\/wp-content\/uploads\/2026\/02\/lapset.jpg 450w, https:\/\/ullanaitoherkku.fi\/wp-content\/uploads\/2026\/02\/lapset-225x300.jpg 225w\" sizes=\"auto, (max-width: 450px) 100vw, 450px\" \/><\/figure>\n<\/div>\n\n\n\n<div class=\"wp-block-column is-vertically-aligned-center is-layout-flow wp-block-column-is-layout-flow\" style=\"padding-top:0;padding-right:var(--wp--preset--spacing--30);padding-bottom:0;padding-left:var(--wp--preset--spacing--30);flex-basis:50%\">\n<h2 class=\"wp-block-heading has-neve-text-color-color has-text-color\">Pieni tila t\u00e4ynn\u00e4 el\u00e4m\u00e4\u00e4<\/h2>\n\n\n\n<p class=\"has-neve-text-color-color has-text-color\">Olemme pieni luomuviljatila Pohjois-Karjalassa Kiteell\u00e4, Ruppovaaran kyl\u00e4ss\u00e4. Haluamme osaltamme vaikuttaa luonnon moninaisuuteen ja siksi tila on ollut luomussa jo yli kaksikymment\u00e4 vuotta. Tilallamme asuu is\u00e4-Tapio, \u00e4iti-Ulla, tyt\u00e4r-Aino ja poika Ville. El\u00e4imi\u00e4 meill\u00e4 on Bali- kukko muutaman kanasen kanssa, onpahan velimies Loisto-kukko Balilla apuna laumaa suojelemassa. Yli 30 -vuotias Melli-poni tuli meille syksyll\u00e4 2018 el\u00e4kep\u00e4ivi\u00e4 viett\u00e4m\u00e4\u00e4n, kaveriksi Melli sai kaksi lammasta Oilin ja Martan. Melli jaksaa viel\u00e4 pienempi\u00e4 kantaa sel\u00e4ss\u00e4\u00e4n ja v\u00e4h\u00e4n vankkurikyyti\u00e4kin antaa korkeasta i\u00e4st\u00e4\u00e4n huolimatta.&nbsp; Kissat Martti ja Uuno pit\u00e4v\u00e4t huolen kehr\u00e4\u00e4misest\u00e4 ja ett\u00e4 heit\u00e4 silitell\u00e4\u00e4n tarpeeksi.<\/p>\n\n\n\n<p>\u200bVajaa kuusi vuotta sitten laitoimme lypsykarjan pois, emme halunneet kasvattaa tilakokoa satap\u00e4iseen karjaan vaan aloimme mietti\u00e4 miten muutoin pieni tila (muutama kymmenen hehtaaria) voisi el\u00e4tt\u00e4\u00e4 perheen ja miten voisimme s\u00e4ilytt\u00e4\u00e4 maatilan ymp\u00e4rist\u00f6n idyllin. Ajatuksia risteili jo ennen toisen lapsen syntym\u00e4\u00e4 pienen leipomon laittamisesta ja niinp\u00e4 em\u00e4nt\u00e4 leipoi kotikeitti\u00f6n leivinuunissa ruisleip\u00e4\u00e4 myyntiin jonkin aikaa. Ainon ollessa vajaa kolmevuotinen aloitti em\u00e4nt\u00e4 kuitenkin sosiaalialan opinnot ja niin leipominen j\u00e4i tauolle. Aikaa kului muuan vuosi ja opintojen ohessa alettiin suunnitella entiseen navettaan niin leipomoa kuin mehustamoa ja kuin kirsikkana kakun p\u00e4\u00e4lle GreenCare -toimintaa. GreenCare lyhyesti on el\u00e4in- ja luontoavusteista toimintaa, haetaan hoivaa ja voimaa luonnosta ja el\u00e4imist\u00e4. Toimimme jo tukiperheen\u00e4 ja maatilaymp\u00e4rist\u00f6 antaakin t\u00e4h\u00e4n hyv\u00e4t puitteet.<\/p>\n\n\n\n<p>\u200bMaatilan pihapiiriss\u00e4 on vanha omenatarha, joka tarjoaa ihanan varjoisan paikan kes\u00e4helteell\u00e4, tarhan tunnelma vaihtuu aina vuodenaikojen mukaan. Kev\u00e4\u00e4ll\u00e4 se on valkeanaan kukkia, yleens\u00e4 aina jokin puu kantaa hyvin hedelm\u00e4\u00e4, Syksyll\u00e4 tarha on t\u00e4ynn\u00e4 kypsi\u00e4 omenia, joista saadaan eritt\u00e4in maukasta tuoremehua tilan omassa puristamossa tehtyn\u00e4. Talomme sijaitsee Ruppovaaran laella, josta on huikeat n\u00e4k\u00f6alat ja m\u00e4en alla on oma laavu. Laavulle voi tehd\u00e4 luontoretken ja nuotiolla saa paistaa sy\u00f6t\u00e4v\u00e4\u00e4 ja keitell\u00e4 kahvit.<\/p>\n\n\n\n<p>\u200bErilaisia viljoja tilallamme viljell\u00e4\u00e4n yh\u00e4, p\u00e4\u00e4tuotteena t\u00e4n\u00e4 syksyn\u00e4 on ruokaherne ja sen tukikasvustona vehn\u00e4. Vuoroviljelyss\u00e4 on my\u00f6s hein\u00e4, jota korjataan el\u00e4inten ruuaksi pari kertaa kes\u00e4n aikana. Herneest\u00e4 l\u00e4himylly jalostaa rouhetta, jauhoa ja hiutaletta. Tuotteitamme on saatavilla esimerkiksi Makuvankkurista sek\u00e4 suoramyynniss\u00e4 tilalta suoraan. 2020 kev\u00e4\u00e4ll\u00e4 uusi leipomomme avattiin ja samalla my\u00f6s tilamyym\u00e4l\u00e4, jossa omien tuotteiden lis\u00e4ksi on tarjolla muidenkin l\u00e4hi-pientuottajien tuotteita.&nbsp;<\/p>\n<\/div>\n<\/div>\n\n\n\n<div style=\"height:40px\" aria-hidden=\"true\" class=\"wp-block-spacer\"><\/div>\n<\/div><\/div>\n<\/div><\/div>\n\n\n\n<div class=\"wp-block-cover alignfull\" style=\"min-height:600px;aspect-ratio:unset;\"><span aria-hidden=\"true\" class=\"wp-block-cover__background has-nv-light-bg-background-color has-background-dim-100 has-background-dim\"><\/span><div class=\"wp-block-cover__inner-container is-layout-flow wp-block-cover-is-layout-flow\">\n<div class=\"wp-block-group\"><div class=\"wp-block-group__inner-container is-layout-flow wp-block-group-is-layout-flow\">\n<div class=\"wp-block-columns is-layout-flex wp-container-core-columns-is-layout-9d6595d7 wp-block-columns-is-layout-flex\">\n<div class=\"wp-block-column is-layout-flow wp-block-column-is-layout-flow\" style=\"flex-basis:20%\">\n<div class=\"wp-block-group is-vertical is-content-justification-center is-layout-flex wp-container-core-group-is-layout-4b2eccd6 wp-block-group-is-layout-flex\"><\/div>\n<\/div>\n\n\n\n<div class=\"wp-block-column is-layout-flow wp-block-column-is-layout-flow\" style=\"flex-basis:60%\">\n<div class=\"wp-block-group is-vertical is-content-justification-center is-layout-flex wp-container-core-group-is-layout-4b2eccd6 wp-block-group-is-layout-flex\">\n<h2 class=\"wp-block-heading has-text-align-center has-neve-text-color-color has-text-color has-link-color wp-elements-e4e3216ca1bfcab240bf2a1c4f5c12b1\">Tuotteemme<\/h2>\n\n\n\n<p class=\"has-text-align-center has-neve-text-color-color has-text-color has-link-color wp-elements-98e93378a07151eabaaf3030d3f9bf5e\">Tilalla viljell\u00e4\u00e4n hernett\u00e4 ja viljaa. Voit ostaa erilaisia kuivattuja hernetuotteita, leivonnaisia omenamehua. Syksyisin voit teett\u00e4\u00e4 mehustamossamme hedelmist\u00e4 mehua<\/p>\n\n\n\n<div style=\"height:0px\" aria-hidden=\"true\" class=\"wp-block-spacer wp-container-content-f9bd05ee\"><\/div>\n<\/div>\n<\/div>\n\n\n\n<div class=\"wp-block-column is-layout-flow wp-block-column-is-layout-flow\" style=\"flex-basis:20%\">\n<div class=\"wp-block-group is-vertical is-content-justification-center is-layout-flex wp-container-core-group-is-layout-4b2eccd6 wp-block-group-is-layout-flex\"><\/div>\n<\/div>\n<\/div>\n\n\n\n<div class=\"wp-block-columns is-layout-flex wp-container-core-columns-is-layout-9d6595d7 wp-block-columns-is-layout-flex\">\n<div class=\"wp-block-column is-layout-flow wp-block-column-is-layout-flow\" style=\"padding-right:var(--wp--preset--spacing--30);padding-left:var(--wp--preset--spacing--30)\">\n<div class=\"wp-block-cover aligncenter\" style=\"border-top-left-radius:20px;border-top-right-radius:20px;border-bottom-left-radius:20px;border-bottom-right-radius:20px\"><img loading=\"lazy\" decoding=\"async\" width=\"600\" height=\"400\" class=\"wp-block-cover__image-background wp-image-49\" alt=\"\" src=\"https:\/\/ullanaitoherkku.fi\/wp-content\/uploads\/2026\/02\/herne.jpg\" data-object-fit=\"cover\" srcset=\"https:\/\/ullanaitoherkku.fi\/wp-content\/uploads\/2026\/02\/herne.jpg 600w, https:\/\/ullanaitoherkku.fi\/wp-content\/uploads\/2026\/02\/herne-300x200.jpg 300w\" sizes=\"auto, (max-width: 600px) 100vw, 600px\" \/><span aria-hidden=\"true\" class=\"wp-block-cover__background has-background-dim\"><\/span><div class=\"wp-block-cover__inner-container is-layout-flow wp-block-cover-is-layout-flow\">\n<p class=\"has-text-align-center has-large-font-size\">Herneet<\/p>\n\n\n\n<div class=\"wp-block-buttons is-content-justification-center is-layout-flex wp-container-core-buttons-is-layout-16018d1d wp-block-buttons-is-layout-flex\">\n<div class=\"wp-block-button\"><a class=\"wp-block-button__link has-neve-link-color-background-color has-background wp-element-button\" href=\"https:\/\/ullanaitoherkku.fi\/index.php\/tuotteet\/\">Lue lis\u00e4\u00e4<\/a><\/div>\n<\/div>\n<\/div><\/div>\n\n\n\n<div style=\"height:24px\" aria-hidden=\"true\" class=\"wp-block-spacer\"><\/div>\n\n\n\n<h3 class=\"wp-block-heading has-text-align-center has-neve-text-color-color has-text-color\"><\/h3>\n\n\n\n<p class=\"has-text-align-center has-neve-text-color-color has-text-color\"><\/p>\n\n\n\n<div style=\"height:40px\" aria-hidden=\"true\" class=\"wp-block-spacer\"><\/div>\n<\/div>\n\n\n\n<div class=\"wp-block-column is-layout-flow wp-block-column-is-layout-flow\" style=\"padding-right:var(--wp--preset--spacing--30);padding-left:var(--wp--preset--spacing--30)\">\n<div class=\"wp-block-cover aligncenter\" style=\"border-top-left-radius:20px;border-top-right-radius:20px;border-bottom-left-radius:20px;border-bottom-right-radius:20px\"><img loading=\"lazy\" decoding=\"async\" width=\"600\" height=\"450\" class=\"wp-block-cover__image-background wp-image-34\" alt=\"\" src=\"https:\/\/ullanaitoherkku.fi\/wp-content\/uploads\/2026\/02\/leipaa.jpg\" data-object-fit=\"cover\" srcset=\"https:\/\/ullanaitoherkku.fi\/wp-content\/uploads\/2026\/02\/leipaa.jpg 600w, https:\/\/ullanaitoherkku.fi\/wp-content\/uploads\/2026\/02\/leipaa-300x225.jpg 300w\" sizes=\"auto, (max-width: 600px) 100vw, 600px\" \/><span aria-hidden=\"true\" class=\"wp-block-cover__background has-background-dim\"><\/span><div class=\"wp-block-cover__inner-container is-layout-flow wp-block-cover-is-layout-flow\">\n<p class=\"has-text-align-center has-large-font-size\">Leivonnaiset<\/p>\n<\/div><\/div>\n\n\n\n<div style=\"height:24px\" aria-hidden=\"true\" class=\"wp-block-spacer\"><\/div>\n\n\n\n<h3 class=\"wp-block-heading has-text-align-center has-neve-text-color-color has-text-color\"><\/h3>\n\n\n\n<p class=\"has-text-align-center has-neve-text-color-color has-text-color\"><\/p>\n\n\n\n<div style=\"height:40px\" aria-hidden=\"true\" class=\"wp-block-spacer\"><\/div>\n<\/div>\n\n\n\n<div class=\"wp-block-column is-layout-flow wp-block-column-is-layout-flow\" style=\"padding-right:var(--wp--preset--spacing--30);padding-left:var(--wp--preset--spacing--30)\">\n<div class=\"wp-block-cover aligncenter\" style=\"border-top-left-radius:20px;border-top-right-radius:20px;border-bottom-left-radius:20px;border-bottom-right-radius:20px\"><img loading=\"lazy\" decoding=\"async\" width=\"388\" height=\"600\" class=\"wp-block-cover__image-background wp-image-43\" alt=\"\" src=\"https:\/\/ullanaitoherkku.fi\/wp-content\/uploads\/2026\/02\/mehu.jpg\" data-object-fit=\"cover\" srcset=\"https:\/\/ullanaitoherkku.fi\/wp-content\/uploads\/2026\/02\/mehu.jpg 388w, https:\/\/ullanaitoherkku.fi\/wp-content\/uploads\/2026\/02\/mehu-194x300.jpg 194w\" sizes=\"auto, (max-width: 388px) 100vw, 388px\" \/><span aria-hidden=\"true\" class=\"wp-block-cover__background has-background-dim\"><\/span><div class=\"wp-block-cover__inner-container is-layout-flow wp-block-cover-is-layout-flow\">\n<p class=\"has-text-align-center has-large-font-size\">Mehu<\/p>\n<\/div><\/div>\n\n\n\n<div style=\"height:24px\" aria-hidden=\"true\" class=\"wp-block-spacer\"><\/div>\n\n\n\n<h3 class=\"wp-block-heading has-text-align-center has-neve-text-color-color has-text-color\"><\/h3>\n\n\n\n<p class=\"has-text-align-center has-neve-text-color-color has-text-color\"><\/p>\n\n\n\n<div style=\"height:40px\" aria-hidden=\"true\" class=\"wp-block-spacer\"><\/div>\n<\/div>\n\n\n\n<div class=\"wp-block-column is-layout-flow wp-block-column-is-layout-flow\" style=\"padding-right:var(--wp--preset--spacing--30);padding-left:var(--wp--preset--spacing--30)\">\n<div class=\"wp-block-cover aligncenter\" style=\"border-top-left-radius:20px;border-top-right-radius:20px;border-bottom-left-radius:20px;border-bottom-right-radius:20px\"><img loading=\"lazy\" decoding=\"async\" width=\"590\" height=\"443\" class=\"wp-block-cover__image-background wp-image-76\" alt=\"\" src=\"https:\/\/ullanaitoherkku.fi\/wp-content\/uploads\/2026\/02\/kone.jpg\" data-object-fit=\"cover\" srcset=\"https:\/\/ullanaitoherkku.fi\/wp-content\/uploads\/2026\/02\/kone.jpg 590w, https:\/\/ullanaitoherkku.fi\/wp-content\/uploads\/2026\/02\/kone-300x225.jpg 300w\" sizes=\"auto, (max-width: 590px) 100vw, 590px\" \/><span aria-hidden=\"true\" class=\"wp-block-cover__background has-background-dim\"><\/span><div class=\"wp-block-cover__inner-container is-layout-flow wp-block-cover-is-layout-flow\">\n<p class=\"has-text-align-center has-large-font-size\">Mehustus<\/p>\n\n\n\n<div class=\"wp-block-buttons is-content-justification-center is-layout-flex wp-container-core-buttons-is-layout-16018d1d wp-block-buttons-is-layout-flex\">\n<div class=\"wp-block-button\"><a class=\"wp-block-button__link has-neve-link-color-background-color has-background wp-element-button\" href=\"https:\/\/ullanaitoherkku.fi\/index.php\/mehustus\/\">Lue lis\u00e4\u00e4<\/a><\/div>\n<\/div>\n<\/div><\/div>\n\n\n\n<div style=\"height:24px\" aria-hidden=\"true\" class=\"wp-block-spacer\"><\/div>\n\n\n\n<h3 class=\"wp-block-heading has-text-align-center has-neve-text-color-color has-text-color\"><\/h3>\n\n\n\n<p class=\"has-text-align-center has-neve-text-color-color has-text-color\"><\/p>\n\n\n\n<div style=\"height:40px\" aria-hidden=\"true\" class=\"wp-block-spacer\"><\/div>\n<\/div>\n<\/div>\n\n\n\n<div class=\"wp-block-columns has-nv-text-dark-bg-color has-neve-link-color-background-color has-text-color has-background has-link-color wp-elements-3c4d232932cedc9549e37370ceac44d5 is-layout-flex wp-container-core-columns-is-layout-54bf4747 wp-block-columns-is-layout-flex\" style=\"border-radius:24px;padding-top:var(--wp--preset--spacing--70);padding-right:var(--wp--preset--spacing--70);padding-bottom:var(--wp--preset--spacing--70);padding-left:var(--wp--preset--spacing--70)\">\n<div class=\"wp-block-column is-layout-flow wp-block-column-is-layout-flow\" style=\"flex-basis:100%\">\n<h2 class=\"wp-block-heading has-nv-text-dark-bg-color has-text-color has-link-color has-huge-font-size wp-elements-9c411cb44570bb0aed86128eaa4deb84\">Ota yhteytt\u00e4 ja kysy lis\u00e4\u00e4<\/h2>\n\n\n\n<p class=\"has-nv-text-dark-bg-color has-text-color has-link-color wp-elements-b8f8ef59952361ddea05b348a8e05337\">Feeling inspired? <a href=\"#\">Join the team<\/a><\/p>\n<\/div>\n\n\n\n<div class=\"wp-block-column is-layout-flow wp-block-column-is-layout-flow\" style=\"flex-basis:100%\">\n<p class=\"has-nv-text-dark-bg-color has-text-color has-link-color has-medium-font-size wp-elements-d9e963c306aab79b4b0be5efafd613cd\">Lorem ipsum dolor sit amet, consectetur adipiscing elit. Nullam nec fermentum ex. Vestibulum ante ipsum.<\/p>\n<\/div>\n<\/div>\n\n\n\n<div style=\"height:40px\" aria-hidden=\"true\" class=\"wp-block-spacer\"><\/div>\n<\/div><\/div>\n<\/div><\/div>\n","protected":false},"excerpt":{"rendered":"","protected":false},"author":1,"featured_media":0,"parent":0,"menu_order":0,"comment_status":"closed","ping_status":"closed","template":"","meta":{"neve_meta_sidebar":"","neve_meta_container":"","neve_meta_enable_content_width":"on","neve_meta_content_width":100,"neve_meta_title_alignment":"","neve_meta_author_avatar":"","neve_post_elements_order":"","neve_meta_disable_header":"","neve_meta_disable_footer":"","neve_meta_disable_title":"on","footnotes":""},"class_list":["post-9","page","type-page","status-publish","hentry"],"yoast_head":"<!-- This site is optimized with the Yoast SEO plugin v27.4 - https:\/\/yoast.com\/product\/yoast-seo-wordpress\/ -->\n<title>Meid\u00e4n tila -<\/title>\n<meta name=\"robots\" content=\"index, follow, max-snippet:-1, max-image-preview:large, max-video-preview:-1\" \/>\n<link rel=\"canonical\" href=\"https:\/\/ullanaitoherkku.fi\/index.php\/meidan-tila\/\" \/>\n<meta property=\"og:locale\" content=\"fi_FI\" \/>\n<meta property=\"og:type\" content=\"article\" \/>\n<meta property=\"og:title\" content=\"Meid\u00e4n tila -\" \/>\n<meta property=\"og:url\" content=\"https:\/\/ullanaitoherkku.fi\/index.php\/meidan-tila\/\" \/>\n<meta property=\"article:publisher\" content=\"https:\/\/www.facebook.com\/AitoHerkku?locale=fi_FI\" \/>\n<meta property=\"article:modified_time\" content=\"2026-02-15T13:12:31+00:00\" \/>\n<meta property=\"og:image\" content=\"https:\/\/ullanaitoherkku.fi\/wp-content\/uploads\/2026\/02\/Nimeton-malli-13.png\" \/>\n\t<meta property=\"og:image:width\" content=\"1600\" \/>\n\t<meta property=\"og:image:height\" content=\"600\" \/>\n\t<meta property=\"og:image:type\" content=\"image\/png\" \/>\n<meta name=\"twitter:card\" content=\"summary_large_image\" \/>\n<meta name=\"twitter:label1\" content=\"Arvioitu lukuaika\" \/>\n\t<meta name=\"twitter:data1\" content=\"2 minuuttia\" \/>\n<script type=\"application\/ld+json\" class=\"yoast-schema-graph\">{\"@context\":\"https:\\\/\\\/schema.org\",\"@graph\":[{\"@type\":\"WebPage\",\"@id\":\"https:\\\/\\\/ullanaitoherkku.fi\\\/index.php\\\/meidan-tila\\\/\",\"url\":\"https:\\\/\\\/ullanaitoherkku.fi\\\/index.php\\\/meidan-tila\\\/\",\"name\":\"Meid\u00e4n tila -\",\"isPartOf\":{\"@id\":\"https:\\\/\\\/ullanaitoherkku.fi\\\/#website\"},\"primaryImageOfPage\":{\"@id\":\"https:\\\/\\\/ullanaitoherkku.fi\\\/index.php\\\/meidan-tila\\\/#primaryimage\"},\"image\":{\"@id\":\"https:\\\/\\\/ullanaitoherkku.fi\\\/index.php\\\/meidan-tila\\\/#primaryimage\"},\"thumbnailUrl\":\"https:\\\/\\\/ullanaitoherkku.fi\\\/wp-content\\\/uploads\\\/2026\\\/02\\\/Nimeton-malli-13-1024x384.png\",\"datePublished\":\"2026-02-08T08:05:28+00:00\",\"dateModified\":\"2026-02-15T13:12:31+00:00\",\"breadcrumb\":{\"@id\":\"https:\\\/\\\/ullanaitoherkku.fi\\\/index.php\\\/meidan-tila\\\/#breadcrumb\"},\"inLanguage\":\"fi\",\"potentialAction\":[{\"@type\":\"ReadAction\",\"target\":[\"https:\\\/\\\/ullanaitoherkku.fi\\\/index.php\\\/meidan-tila\\\/\"]}]},{\"@type\":\"ImageObject\",\"inLanguage\":\"fi\",\"@id\":\"https:\\\/\\\/ullanaitoherkku.fi\\\/index.php\\\/meidan-tila\\\/#primaryimage\",\"url\":\"https:\\\/\\\/ullanaitoherkku.fi\\\/wp-content\\\/uploads\\\/2026\\\/02\\\/Nimeton-malli-13.png\",\"contentUrl\":\"https:\\\/\\\/ullanaitoherkku.fi\\\/wp-content\\\/uploads\\\/2026\\\/02\\\/Nimeton-malli-13.png\",\"width\":1600,\"height\":600},{\"@type\":\"BreadcrumbList\",\"@id\":\"https:\\\/\\\/ullanaitoherkku.fi\\\/index.php\\\/meidan-tila\\\/#breadcrumb\",\"itemListElement\":[{\"@type\":\"ListItem\",\"position\":1,\"name\":\"Etusivu\",\"item\":\"https:\\\/\\\/ullanaitoherkku.fi\\\/\"},{\"@type\":\"ListItem\",\"position\":2,\"name\":\"Meid\u00e4n tila\"}]},{\"@type\":\"WebSite\",\"@id\":\"https:\\\/\\\/ullanaitoherkku.fi\\\/#website\",\"url\":\"https:\\\/\\\/ullanaitoherkku.fi\\\/\",\"name\":\"Ullan aito & herkku\",\"description\":\"Luomua, tottakai\",\"publisher\":{\"@id\":\"https:\\\/\\\/ullanaitoherkku.fi\\\/#organization\"},\"potentialAction\":[{\"@type\":\"SearchAction\",\"target\":{\"@type\":\"EntryPoint\",\"urlTemplate\":\"https:\\\/\\\/ullanaitoherkku.fi\\\/?s={search_term_string}\"},\"query-input\":{\"@type\":\"PropertyValueSpecification\",\"valueRequired\":true,\"valueName\":\"search_term_string\"}}],\"inLanguage\":\"fi\"},{\"@type\":\"Organization\",\"@id\":\"https:\\\/\\\/ullanaitoherkku.fi\\\/#organization\",\"name\":\"Hassisen luomutila\",\"url\":\"https:\\\/\\\/ullanaitoherkku.fi\\\/\",\"logo\":{\"@type\":\"ImageObject\",\"inLanguage\":\"fi\",\"@id\":\"https:\\\/\\\/ullanaitoherkku.fi\\\/#\\\/schema\\\/logo\\\/image\\\/\",\"url\":\"https:\\\/\\\/ullanaitoherkku.fi\\\/wp-content\\\/uploads\\\/2026\\\/02\\\/cropped-logo.jpg\",\"contentUrl\":\"https:\\\/\\\/ullanaitoherkku.fi\\\/wp-content\\\/uploads\\\/2026\\\/02\\\/cropped-logo.jpg\",\"width\":200,\"height\":174,\"caption\":\"Hassisen luomutila\"},\"image\":{\"@id\":\"https:\\\/\\\/ullanaitoherkku.fi\\\/#\\\/schema\\\/logo\\\/image\\\/\"},\"sameAs\":[\"https:\\\/\\\/www.facebook.com\\\/AitoHerkku?locale=fi_FI\"]}]}<\/script>\n<!-- \/ Yoast SEO plugin. -->","yoast_head_json":{"title":"Meid\u00e4n tila -","robots":{"index":"index","follow":"follow","max-snippet":"max-snippet:-1","max-image-preview":"max-image-preview:large","max-video-preview":"max-video-preview:-1"},"canonical":"https:\/\/ullanaitoherkku.fi\/index.php\/meidan-tila\/","og_locale":"fi_FI","og_type":"article","og_title":"Meid\u00e4n tila -","og_url":"https:\/\/ullanaitoherkku.fi\/index.php\/meidan-tila\/","article_publisher":"https:\/\/www.facebook.com\/AitoHerkku?locale=fi_FI","article_modified_time":"2026-02-15T13:12:31+00:00","og_image":[{"width":1600,"height":600,"url":"https:\/\/ullanaitoherkku.fi\/wp-content\/uploads\/2026\/02\/Nimeton-malli-13.png","type":"image\/png"}],"twitter_card":"summary_large_image","twitter_misc":{"Arvioitu lukuaika":"2 minuuttia"},"schema":{"@context":"https:\/\/schema.org","@graph":[{"@type":"WebPage","@id":"https:\/\/ullanaitoherkku.fi\/index.php\/meidan-tila\/","url":"https:\/\/ullanaitoherkku.fi\/index.php\/meidan-tila\/","name":"Meid\u00e4n tila -","isPartOf":{"@id":"https:\/\/ullanaitoherkku.fi\/#website"},"primaryImageOfPage":{"@id":"https:\/\/ullanaitoherkku.fi\/index.php\/meidan-tila\/#primaryimage"},"image":{"@id":"https:\/\/ullanaitoherkku.fi\/index.php\/meidan-tila\/#primaryimage"},"thumbnailUrl":"https:\/\/ullanaitoherkku.fi\/wp-content\/uploads\/2026\/02\/Nimeton-malli-13-1024x384.png","datePublished":"2026-02-08T08:05:28+00:00","dateModified":"2026-02-15T13:12:31+00:00","breadcrumb":{"@id":"https:\/\/ullanaitoherkku.fi\/index.php\/meidan-tila\/#breadcrumb"},"inLanguage":"fi","potentialAction":[{"@type":"ReadAction","target":["https:\/\/ullanaitoherkku.fi\/index.php\/meidan-tila\/"]}]},{"@type":"ImageObject","inLanguage":"fi","@id":"https:\/\/ullanaitoherkku.fi\/index.php\/meidan-tila\/#primaryimage","url":"https:\/\/ullanaitoherkku.fi\/wp-content\/uploads\/2026\/02\/Nimeton-malli-13.png","contentUrl":"https:\/\/ullanaitoherkku.fi\/wp-content\/uploads\/2026\/02\/Nimeton-malli-13.png","width":1600,"height":600},{"@type":"BreadcrumbList","@id":"https:\/\/ullanaitoherkku.fi\/index.php\/meidan-tila\/#breadcrumb","itemListElement":[{"@type":"ListItem","position":1,"name":"Etusivu","item":"https:\/\/ullanaitoherkku.fi\/"},{"@type":"ListItem","position":2,"name":"Meid\u00e4n tila"}]},{"@type":"WebSite","@id":"https:\/\/ullanaitoherkku.fi\/#website","url":"https:\/\/ullanaitoherkku.fi\/","name":"Ullan aito & herkku","description":"Luomua, tottakai","publisher":{"@id":"https:\/\/ullanaitoherkku.fi\/#organization"},"potentialAction":[{"@type":"SearchAction","target":{"@type":"EntryPoint","urlTemplate":"https:\/\/ullanaitoherkku.fi\/?s={search_term_string}"},"query-input":{"@type":"PropertyValueSpecification","valueRequired":true,"valueName":"search_term_string"}}],"inLanguage":"fi"},{"@type":"Organization","@id":"https:\/\/ullanaitoherkku.fi\/#organization","name":"Hassisen luomutila","url":"https:\/\/ullanaitoherkku.fi\/","logo":{"@type":"ImageObject","inLanguage":"fi","@id":"https:\/\/ullanaitoherkku.fi\/#\/schema\/logo\/image\/","url":"https:\/\/ullanaitoherkku.fi\/wp-content\/uploads\/2026\/02\/cropped-logo.jpg","contentUrl":"https:\/\/ullanaitoherkku.fi\/wp-content\/uploads\/2026\/02\/cropped-logo.jpg","width":200,"height":174,"caption":"Hassisen luomutila"},"image":{"@id":"https:\/\/ullanaitoherkku.fi\/#\/schema\/logo\/image\/"},"sameAs":["https:\/\/www.facebook.com\/AitoHerkku?locale=fi_FI"]}]}},"_links":{"self":[{"href":"https:\/\/ullanaitoherkku.fi\/index.php\/wp-json\/wp\/v2\/pages\/9","targetHints":{"allow":["GET"]}}],"collection":[{"href":"https:\/\/ullanaitoherkku.fi\/index.php\/wp-json\/wp\/v2\/pages"}],"about":[{"href":"https:\/\/ullanaitoherkku.fi\/index.php\/wp-json\/wp\/v2\/types\/page"}],"author":[{"embeddable":true,"href":"https:\/\/ullanaitoherkku.fi\/index.php\/wp-json\/wp\/v2\/users\/1"}],"replies":[{"embeddable":true,"href":"https:\/\/ullanaitoherkku.fi\/index.php\/wp-json\/wp\/v2\/comments?post=9"}],"version-history":[{"count":7,"href":"https:\/\/ullanaitoherkku.fi\/index.php\/wp-json\/wp\/v2\/pages\/9\/revisions"}],"predecessor-version":[{"id":88,"href":"https:\/\/ullanaitoherkku.fi\/index.php\/wp-json\/wp\/v2\/pages\/9\/revisions\/88"}],"wp:attachment":[{"href":"https:\/\/ullanaitoherkku.fi\/index.php\/wp-json\/wp\/v2\/media?parent=9"}],"curies":[{"name":"wp","href":"https:\/\/api.w.org\/{rel}","templated":true}]}}